{"id":6697,"date":"2024-09-01T07:10:53","date_gmt":"2024-09-01T07:10:53","guid":{"rendered":"https:\/\/testv7.bcsg18.fr\/?page_id=6697"},"modified":"2024-09-01T08:06:12","modified_gmt":"2024-09-01T08:06:12","slug":"mentions-legales","status":"publish","type":"page","link":"https:\/\/testv7.bcsg18.fr\/?page_id=6697","title":{"rendered":"Mentions l\u00e9gales"},"content":{"rendered":"\n<h2 class=\"wp-block-heading has-text-align-center\">Propri\u00e9taire du site<\/h2>\n\n\n\n<p class=\"has-text-align-center\"><strong>Badminton Club Saint Germain du Puy<\/strong><br>Mairie de Saint Germain du Puy<br>2 rue Joliot Curie<br>18390 SAINT GERMAIN DU PUY<br><a href=\"mailto:contact@bcsg18.fr\" target=\"_blank\" rel=\"noreferrer noopener\">contact@bcsg18.fr<\/a><br><br>Num\u00e9ro SIRET : 45244682600011<br>Identification association : w181000399<br><\/p>\n\n\n\n<h2 class=\"wp-block-heading has-text-align-center\">Responsable de la publication<\/h2>\n\n\n\n<p class=\"has-text-align-center\"><strong>Pascal FORLER <\/strong><br>en tant que Pr\u00e9sident de l&rsquo;Association \u00ab\u00a0Badminton Club Saint Germain du Puy\u00a0\u00bb r\u00e9gie par la loi du 1er juillet 1901 et le d\u00e9cret du 16 ao\u00fbt 1901<\/p>\n\n\n\n<h2 class=\"wp-block-heading has-text-align-center\">H\u00e9bergeur du site<\/h2>\n\n\n\n<p class=\"has-text-align-center\"><strong>IONOS<\/strong><br>7 place de la Gare<br>57200 SARREGUEMINES<br>0970 808 911<\/p>\n\n\n\n<h2 class=\"wp-block-heading has-text-align-center\">Finalit\u00e9 du site<\/h2>\n\n\n\n<p class=\"has-text-align-center\">Le site a pour objectif de fournir des informations sur le Club pour jouer au badminton et de permettre aux visiteurs de prendre contact avec l&rsquo;association.<\/p>\n\n\n\n<h2 class=\"wp-block-heading has-text-align-center\">Donn\u00e9es personnelles<\/h2>\n\n\n\n<p class=\"has-text-align-center\">Ce site peut collecter des donn\u00e9es personnelles dans le cadre des demandes de contact. Les donn\u00e9es collect\u00e9es seront trait\u00e9es conform\u00e9ment \u00e0 l&rsquo;article 27 de la loi Informatique, fichiers et libert\u00e9s du 6 janvier 1978. Les informations que l&rsquo;utilisateur communique en r\u00e9pondant s\u2019il le souhaite aux formulaires pr\u00e9sents sur le site permettent de r\u00e9pondre \u00e0 sa demande, et sont destin\u00e9es \u00e0 l&rsquo;association Badminton Club Saint Germain du Puy, responsable du traitement, \u00e0 des fins de gestion administrative.<br><br>L&rsquo;utilisateur est inform\u00e9 qu\u2019il dispose d\u2019un droit d\u2019acc\u00e8s et de rectification relativement \u00e0 l\u2019ensemble des donn\u00e9es nominatives le concernant en \u00e9crivant \u00e0 Badminton Club Saint Germain du Puy &#8211; 2 rue Joliot Curie 18390 SAINT GERMAIN DU PUY<\/p>\n\n\n\n<h2 class=\"wp-block-heading has-text-align-center\">Cookies<\/h2>\n\n\n\n<p class=\"has-text-align-center\">Ce site utilise des cookies pour am\u00e9liorer l&rsquo;exp\u00e9rience de l&rsquo;utilisateur. Ils collectent des informations relatives \u00e0 votre navigation internet et permettent notamment de vous reconnaitre d&rsquo;une visite \u00e0 une autre sur notre site, d&rsquo;enregistrer vos pr\u00e9f\u00e9rences. Vous pouvez \u00e0 tout moment configurer votre navigateur internet de fa\u00e7on \u00e0 accepter, refuser ou d\u00e9sactiver les cookies.<\/p>\n\n\n\n<h2 class=\"wp-block-heading has-text-align-center\">Propri\u00e9t\u00e9 intellectuelle<\/h2>\n\n\n\n<p class=\"has-text-align-center\">Tous les contenus pr\u00e9sents sur ce site (textes, images, vid\u00e9os, etc.) sont prot\u00e9g\u00e9s par le droit d&rsquo;auteur et ne peuvent \u00eatre reproduits sans autorisation pr\u00e9alable.<\/p>\n\n\n\n<p><\/p>\n","protected":false},"excerpt":{"rendered":"<p>Propri\u00e9taire du site Badminton Club Saint Germain du PuyMairie de Saint Germain du Puy2 rue Joliot Curie18390 SAINT GERMAIN DU PUYcontact@bcsg18.fr Num\u00e9ro SIRET : 45244682600011Identification association : w181000399 Responsable de [&hellip;]<\/p>\n","protected":false},"author":6,"featured_media":0,"parent":0,"menu_order":0,"comment_status":"closed","ping_status":"closed","template":"","meta":{"_seopress_robots_primary_cat":"","_seopress_titles_title":"","_seopress_titles_desc":"","_seopress_robots_index":"","site-sidebar-layout":"default","site-content-layout":"","ast-site-content-layout":"default","site-content-style":"default","site-sidebar-style":"default","ast-global-header-display":"","ast-banner-title-visibility":"","ast-main-header-display":"disabled","ast-hfb-above-header-display":"","ast-hfb-below-header-display":"","ast-hfb-mobile-header-display":"disabled","site-post-title":"","ast-breadcrumbs-content":"","ast-featured-img":"","footer-sml-layout":"","theme-transparent-header-meta":"","adv-header-id-meta":"","stick-header-meta":"","header-above-stick-meta":"","header-main-stick-meta":"","header-below-stick-meta":"","astra-migrate-meta-layouts":"set","ast-page-background-enabled":"default","ast-page-background-meta":{"desktop":{"background-color":"var(--ast-global-color-4)","background-image":"","background-repeat":"repeat","background-position":"center center","background-size":"auto","background-attachment":"scroll","background-type":"","background-media":"","overlay-type":"","overlay-color":"","overlay-opacity":"","overlay-gradient":""},"tablet":{"background-color":"","background-image":"","background-repeat":"repeat","background-position":"center center","background-size":"auto","background-attachment":"scroll","background-type":"","background-media":"","overlay-type":"","overlay-color":"","overlay-opacity":"","overlay-gradient":""},"mobile":{"background-color":"","background-image":"","background-repeat":"repeat","background-position":"center center","background-size":"auto","background-attachment":"scroll","background-type":"","background-media":"","overlay-type":"","overlay-color":"","overlay-opacity":"","overlay-gradient":""}},"ast-content-background-meta":{"desktop":{"background-color":"var(--ast-global-color-5)","background-image":"","background-repeat":"repeat","background-position":"center center","background-size":"auto","background-attachment":"scroll","background-type":"","background-media":"","overlay-type":"","overlay-color":"","overlay-opacity":"","overlay-gradient":""},"tablet":{"background-color":"var(--ast-global-color-5)","background-image":"","background-repeat":"repeat","background-position":"center center","background-size":"auto","background-attachment":"scroll","background-type":"","background-media":"","overlay-type":"","overlay-color":"","overlay-opacity":"","overlay-gradient":""},"mobile":{"background-color":"var(--ast-global-color-5)","background-image":"","background-repeat":"repeat","background-position":"center center","background-size":"auto","background-attachment":"scroll","background-type":"","background-media":"","overlay-type":"","overlay-color":"","overlay-opacity":"","overlay-gradient":""}},"footnotes":""},"class_list":["post-6697","page","type-page","status-publish","hentry"],"_links":{"self":[{"href":"https:\/\/testv7.bcsg18.fr\/index.php?rest_route=\/wp\/v2\/pages\/6697","targetHints":{"allow":["GET"]}}],"collection":[{"href":"https:\/\/testv7.bcsg18.fr\/index.php?rest_route=\/wp\/v2\/pages"}],"about":[{"href":"https:\/\/testv7.bcsg18.fr\/index.php?rest_route=\/wp\/v2\/types\/page"}],"author":[{"embeddable":true,"href":"https:\/\/testv7.bcsg18.fr\/index.php?rest_route=\/wp\/v2\/users\/6"}],"replies":[{"embeddable":true,"href":"https:\/\/testv7.bcsg18.fr\/index.php?rest_route=%2Fwp%2Fv2%2Fcomments&post=6697"}],"version-history":[{"count":9,"href":"https:\/\/testv7.bcsg18.fr\/index.php?rest_route=\/wp\/v2\/pages\/6697\/revisions"}],"predecessor-version":[{"id":6713,"href":"https:\/\/testv7.bcsg18.fr\/index.php?rest_route=\/wp\/v2\/pages\/6697\/revisions\/6713"}],"wp:attachment":[{"href":"https:\/\/testv7.bcsg18.fr\/index.php?rest_route=%2Fwp%2Fv2%2Fmedia&parent=6697"}],"curies":[{"name":"wp","href":"https:\/\/api.w.org\/{rel}","templated":true}]}}